{"id":82,"date":"2013-07-17T10:40:23","date_gmt":"2013-07-17T09:40:23","guid":{"rendered":"http:\/\/www.tenerifehealer.com\/?page_id=82"},"modified":"2013-08-08T19:18:10","modified_gmt":"2013-08-08T18:18:10","slug":"curacion-de-fotos","status":"publish","type":"page","link":"http:\/\/www.tenerifehealer.com\/es\/curacion-de-fotos\/","title":{"rendered":"FOTO SANACION"},"content":{"rendered":"<h2>FOTO SANACI\u00d3N CON MARCELHEALER<\/h2>\n<p>Si usted padece de alguna enfermedad inexplicable y no puede asistir a la sesi\u00f3n individual o grupal tambi\u00e9n lo puede hacer mediante foto sanaci\u00f3n . Funciona de la misma manera.<\/p>\n<div id=\"attachment_185\" style=\"width: 310px\" class=\"wp-caption alignright\"><a href=\"http:\/\/www.tenerifehealer.com\/wp-content\/uploads\/2013\/07\/P8080022-2144-x-16082.jpg\"><img loading=\"lazy\" decoding=\"async\" aria-describedby=\"caption-attachment-185\" class=\"size-medium wp-image-185\" alt=\"Curaci\u00f3n de fotos\" src=\"http:\/\/www.tenerifehealer.com\/wp-content\/uploads\/2013\/07\/P8080022-2144-x-16082-480x360.jpg\" width=\"300\" height=\"225\" srcset=\"http:\/\/www.tenerifehealer.com\/wp-content\/uploads\/2013\/07\/P8080022-2144-x-16082-480x360.jpg 480w, http:\/\/www.tenerifehealer.com\/wp-content\/uploads\/2013\/07\/P8080022-2144-x-16082-680x510.jpg 680w, http:\/\/www.tenerifehealer.com\/wp-content\/uploads\/2013\/07\/P8080022-2144-x-16082-150x112.jpg 150w, http:\/\/www.tenerifehealer.com\/wp-content\/uploads\/2013\/07\/P8080022-2144-x-16082-310x232.jpg 310w, http:\/\/www.tenerifehealer.com\/wp-content\/uploads\/2013\/07\/P8080022-2144-x-16082-225x168.jpg 225w\" sizes=\"auto, (max-width: 300px) 100vw, 300px\" \/><\/a><p id=\"caption-attachment-185\" class=\"wp-caption-text\">Curaci\u00f3n de fotos<\/p><\/div>\n<h3 class=\"wp-caption-dt\">Que clase de foto debo enviar?<\/h3>\n<p>Necesitar\u00eda un foto de cuerpo entero sin acompa\u00f1antes. De preferencia una foto original, si usted no puede enviar a mi direcci\u00f3n, Tendr\u00e1 usted la posibilidad de envi\u00e1rmelo a mi correo electr\u00f3nico yo lo imprimir\u00e9. Una lista donde usted Indique las molestias que tenga y la enfermedad que tiene y que procedimientos esta tomando o ha tomado.<\/p>\n<h3>Como se llevara a cabo la Foto sanaci\u00f3n?<\/h3>\n<p>Cada persona tiene una determinada vibraci\u00f3n la cual queda plasmada en la foto, por ello la foto siempre queda en conexi\u00f3n con la persona que en ella se encuentra., Es por ello que le posibilita a poder ayudarla(le). Mediante la foto.<\/p>\n<h3>Como funciona la Foto sanaci\u00f3n?<\/h3>\n<p>Con la foto de la persona enferma y con su autorizaci\u00f3n me concentro en esta persona mediante la foto., doy mi sesi\u00f3n v\u00eda mis manos o v\u00eda mis ojos.<\/p>\n<h3>Tiene la persona de la foto que concentrarse tambi\u00e9n?<\/h3>\n<p>No, la persona de la foto seguir\u00e1 con sus normales quehaceres, los cambios lo notara ( Esto Tambi\u00e9n depende de cada persona por que son casos diferentes y reacciones diferentes). Las molestiase podr\u00e1 agudizarse y \u00e9sta es la reacci\u00f3n de la Foto sanaci\u00f3n, pero luego ira mejorando durante el proceso cada vez ser\u00e1 menor las molestias. Es necesario la comunicaci\u00f3n para continuar su proceso de Foto sanaci\u00f3n. Es posible que dure dos d\u00edas las molestias pero eso significa que esta haciendo su efecto de Foto sanaci\u00f3n. La \u201cFoto sanaci\u00f3n es adecuada tanto para personas de todas las edades como tambi\u00e9n para animales<\/p>\n<h3>Cuantas Sesiones tendr\u00e9?<\/h3>\n<p>2 veces a la semana si veo necesario y de acuerdo a la situaci\u00f3n ser\u00e1 m\u00e1s a menudo.<\/p>\n<h3>Nota:<\/h3>\n<p>Es muy importante que la persona de la foto que desea tener la foto sanaci\u00f3n lo autorice a excepci\u00f3n de menores que bajoel conacentimiento de sus padres lo deseen y personas que no pueden decidir y est\u00e1n bajo\u00a0la responsabilidad de alg\u00fan familiar responsable.<\/p>\n<h3>Nota Importante:<\/h3>\n<p>Es muy importante tomar en cuenta que cuando empiezan a tomar sesiones conmigo no es posible tener otras terapias al mismo tiempo, Como por ejemplo, reiki, rezos, envi\u00f3 de positivas energ\u00edas, etc., todo aquello porque distorsiona mi trabajo y no dar\u00eda un buen resultado. Sin embargo si son terapias de yoga, acupuntura, masaje, etc. si es posible ya que con estas terapias se puede obtener en conjunto un mejor resultado. De esta forma si usted colabora obtendremos mejores resultados.<\/p>\n","protected":false},"excerpt":{"rendered":"<p>FOTO SANACI\u00d3N CON MARCELHEALER Si usted padece de alguna enfermedad inexplicable y no puede asistir a la sesi\u00f3n individual o grupal tambi\u00e9n lo puede hacer mediante foto sanaci\u00f3n . Funciona de la misma manera. Que clase de foto debo enviar? Necesitar\u00eda un foto de cuerpo entero sin acompa\u00f1antes. De preferencia una foto original, si usted [&hellip;]<\/p>\n","protected":false},"author":1,"featured_media":185,"parent":0,"menu_order":0,"comment_status":"open","ping_status":"open","template":"","meta":{"footnotes":""},"class_list":["post-82","page","type-page","status-publish","has-post-thumbnail","hentry"],"_links":{"self":[{"href":"http:\/\/www.tenerifehealer.com\/es\/wp-json\/wp\/v2\/pages\/82","targetHints":{"allow":["GET"]}}],"collection":[{"href":"http:\/\/www.tenerifehealer.com\/es\/wp-json\/wp\/v2\/pages"}],"about":[{"href":"http:\/\/www.tenerifehealer.com\/es\/wp-json\/wp\/v2\/types\/page"}],"author":[{"embeddable":true,"href":"http:\/\/www.tenerifehealer.com\/es\/wp-json\/wp\/v2\/users\/1"}],"replies":[{"embeddable":true,"href":"http:\/\/www.tenerifehealer.com\/es\/wp-json\/wp\/v2\/comments?post=82"}],"version-history":[{"count":7,"href":"http:\/\/www.tenerifehealer.com\/es\/wp-json\/wp\/v2\/pages\/82\/revisions"}],"predecessor-version":[{"id":209,"href":"http:\/\/www.tenerifehealer.com\/es\/wp-json\/wp\/v2\/pages\/82\/revisions\/209"}],"wp:featuredmedia":[{"embeddable":true,"href":"http:\/\/www.tenerifehealer.com\/es\/wp-json\/wp\/v2\/media\/185"}],"wp:attachment":[{"href":"http:\/\/www.tenerifehealer.com\/es\/wp-json\/wp\/v2\/media?parent=82"}],"curies":[{"name":"wp","href":"https:\/\/api.w.org\/{rel}","templated":true}]}}

<h2>FOTO SANACIÓN CON MARCELHEALER</h2>
<p>Si usted padece de alguna enfermedad inexplicable y no puede asistir a la sesión individual o grupal también lo puede hacer mediante foto sanación . Funciona de la misma manera.</p>
<div id="attachment_185" style="width: 310px" class="wp-caption alignright"><a href="http://www.tenerifehealer.com/wp-content/uploads/2013/07/P8080022-2144-x-16082.jpg"><img loading="lazy" decoding="async" aria-describedby="caption-attachment-185" class="size-medium wp-image-185" alt="Curación de fotos" src="http://www.tenerifehealer.com/wp-content/uploads/2013/07/P8080022-2144-x-16082-480x360.jpg" width="300" height="225" srcset="http://www.tenerifehealer.com/wp-content/uploads/2013/07/P8080022-2144-x-16082-480x360.jpg 480w, http://www.tenerifehealer.com/wp-content/uploads/2013/07/P8080022-2144-x-16082-680x510.jpg 680w, http://www.tenerifehealer.com/wp-content/uploads/2013/07/P8080022-2144-x-16082-150x112.jpg 150w, http://www.tenerifehealer.com/wp-content/uploads/2013/07/P8080022-2144-x-16082-310x232.jpg 310w, http://www.tenerifehealer.com/wp-content/uploads/2013/07/P8080022-2144-x-16082-225x168.jpg 225w" sizes="auto, (max-width: 300px) 100vw, 300px" /></a><p id="caption-attachment-185" class="wp-caption-text">Curación de fotos</p></div>
<h3 class="wp-caption-dt">Que clase de foto debo enviar?</h3>
<p>Necesitaría un foto de cuerpo entero sin acompañantes. De preferencia una foto original, si usted no puede enviar a mi dirección, Tendrá usted la posibilidad de enviármelo a mi correo electrónico yo lo imprimiré. Una lista donde usted Indique las molestias que tenga y la enfermedad que tiene y que procedimientos esta tomando o ha tomado.</p>
<h3>Como se llevara a cabo la Foto sanación?</h3>
<p>Cada persona tiene una determinada vibración la cual queda plasmada en la foto, por ello la foto siempre queda en conexión con la persona que en ella se encuentra., Es por ello que le posibilita a poder ayudarla(le). Mediante la foto.</p>
<h3>Como funciona la Foto sanación?</h3>
<p>Con la foto de la persona enferma y con su autorización me concentro en esta persona mediante la foto., doy mi sesión vía mis manos o vía mis ojos.</p>
<h3>Tiene la persona de la foto que concentrarse también?</h3>
<p>No, la persona de la foto seguirá con sus normales quehaceres, los cambios lo notara ( Esto También depende de cada persona por que son casos diferentes y reacciones diferentes). Las molestiase podrá agudizarse y ésta es la reacción de la Foto sanación, pero luego ira mejorando durante el proceso cada vez será menor las molestias. Es necesario la comunicación para continuar su proceso de Foto sanación. Es posible que dure dos días las molestias pero eso significa que esta haciendo su efecto de Foto sanación. La “Foto sanación es adecuada tanto para personas de todas las edades como también para animales</p>
<h3>Cuantas Sesiones tendré?</h3>
<p>2 veces a la semana si veo necesario y de acuerdo a la situación será más a menudo.</p>
<h3>Nota:</h3>
<p>Es muy importante que la persona de la foto que desea tener la foto sanación lo autorice a excepción de menores que bajoel conacentimiento de sus padres lo deseen y personas que no pueden decidir y están bajo la responsabilidad de algún familiar responsable.</p>
<h3>Nota Importante:</h3>
<p>Es muy importante tomar en cuenta que cuando empiezan a tomar sesiones conmigo no es posible tener otras terapias al mismo tiempo, Como por ejemplo, reiki, rezos, envió de positivas energías, etc., todo aquello porque distorsiona mi trabajo y no daría un buen resultado. Sin embargo si son terapias de yoga, acupuntura, masaje, etc. si es posible ya que con estas terapias se puede obtener en conjunto un mejor resultado. De esta forma si usted colabora obtendremos mejores resultados.</p>

<p>FOTO SANACIÓN CON MARCELHEALER Si usted padece de alguna enfermedad inexplicable y no puede asistir a la sesión individual o grupal también lo puede hacer mediante foto sanación . Funciona de la misma manera. Que clase de foto debo enviar? Necesitaría un foto de cuerpo entero sin acompañantes. De preferencia una foto original, si usted [&hellip;]</p>
